{"id":1015,"date":"2020-09-09T13:30:08","date_gmt":"2020-09-09T11:30:08","guid":{"rendered":"https:\/\/www.kallysta.com\/store\/?post_type=product&#038;p=1015"},"modified":"2020-09-09T14:18:49","modified_gmt":"2020-09-09T12:18:49","slug":"repaper-stylus","status":"publish","type":"product","link":"https:\/\/www.kallysta.com\/store\/produit\/repaper-stylus\/","title":{"rendered":"Repaper Stylus"},"content":{"rendered":"<p>\u00c0 utiliser sur PC ou Mac uniquement.<br \/>\n*Un Pack Repaper est requis pour l&#8217;utilisation de ce produit.<\/p>\n<p>Compatible avec les tablettes The Slate \/ Repaper, sur PC ou Mac.<\/p>\n<p>Pour activer le mode tablette graphique :<br \/>\nT\u00e9l\u00e9chargez et lancez l&#8217;application Repaper Studio<br \/>\nDans l&#8217;onglet d\u00e9di\u00e9, activez et et configurez votre tablette graphique<br \/>\nUtilisez Repaper Stylus sur Adobe\u00aePhotoshop\u00ae, Illustrator\u00ae, InDesign\u00ae ou tous vos logiciels pr\u00e9f\u00e9r\u00e9s.<\/p>\n<p>Astuce : utilisez aussi Repaper Stylus pour gommer dans Repaper Studio.<\/p>\n<p>Technologie : Augmented Interaction\u2122<br \/>\nCouleur : noir<br \/>\nMati\u00e8re : plastique<br \/>\nSans batterie<\/p>\n","protected":false},"excerpt":{"rendered":"<p>Transformez Repaper en tablette graphique.<\/p>\n<p>Repaper Stylus est le stylet compatible avec Repaper.<br \/>\nCon\u00e7u pour ceux qui souhaitent transformer Repaper en tablette graphique, ou qui souhaitent une mise en couleur de leur dessin num\u00e9rique sans toucher \u00e0 la version papier. Sa mine (3 mines de remplacement incluses) et son design ergonomique offrent les m\u00eames sensations que celles d\u2019un crayon glissant sur une feuille de papier.<\/p>\n","protected":false},"featured_media":1016,"template":"","meta":[],"yoast_head":"<!-- This site is optimized with the Yoast SEO plugin v15.9 - https:\/\/yoast.com\/wordpress\/plugins\/seo\/ -->\n<title>Repaper Stylus - Kallysta Store<\/title>\n<meta name=\"robots\" content=\"index, follow, max-snippet:-1, max-image-preview:large, max-video-preview:-1\" \/>\n<link rel=\"canonical\" href=\"https:\/\/www.kallysta.com\/store\/produit\/repaper-stylus\/\" \/>\n<meta property=\"og:locale\" content=\"fr_FR\" \/>\n<meta property=\"og:type\" content=\"article\" \/>\n<meta property=\"og:title\" content=\"Repaper Stylus - Kallysta Store\" \/>\n<meta property=\"og:description\" content=\"Transformez Repaper en tablette graphique.  Repaper Stylus est le stylet compatible avec Repaper. Con\u00e7u pour ceux qui souhaitent transformer Repaper en tablette graphique, ou qui souhaitent une mise en couleur de leur dessin num\u00e9rique sans toucher \u00e0 la version papier. Sa mine (3 mines de remplacement incluses) et son design ergonomique offrent les m\u00eames sensations que celles d\u2019un crayon glissant sur une feuille de papier.\" \/>\n<meta property=\"og:url\" content=\"https:\/\/www.kallysta.com\/store\/produit\/repaper-stylus\/\" \/>\n<meta property=\"og:site_name\" content=\"Kallysta Store\" \/>\n<meta property=\"article:modified_time\" content=\"2020-09-09T12:18:49+00:00\" \/>\n<meta property=\"og:image\" content=\"https:\/\/www.kallysta.com\/store\/wp-content\/uploads\/2020\/09\/stylus1.jpg\" \/>\n\t<meta property=\"og:image:width\" content=\"1500\" \/>\n\t<meta property=\"og:image:height\" content=\"1500\" \/>\n<meta name=\"twitter:card\" content=\"summary_large_image\" \/>\n<script type=\"application\/ld+json\" class=\"yoast-schema-graph\">{\"@context\":\"https:\/\/schema.org\",\"@graph\":[{\"@type\":\"Organization\",\"@id\":\"https:\/\/www.kallysta.com\/store\/#organization\",\"name\":\"Kallysta Store\",\"url\":\"https:\/\/www.kallysta.com\/store\/\",\"sameAs\":[],\"logo\":{\"@type\":\"ImageObject\",\"@id\":\"https:\/\/www.kallysta.com\/store\/#logo\",\"inLanguage\":\"fr-FR\",\"url\":\"https:\/\/www.kallysta.com\/store\/wp-content\/uploads\/2020\/03\/KallystaStoreLogo.png\",\"width\":152,\"height\":70,\"caption\":\"Kallysta Store\"},\"image\":{\"@id\":\"https:\/\/www.kallysta.com\/store\/#logo\"}},{\"@type\":\"WebSite\",\"@id\":\"https:\/\/www.kallysta.com\/store\/#website\",\"url\":\"https:\/\/www.kallysta.com\/store\/\",\"name\":\"Kallysta Store\",\"description\":\"Educational Communications and Technology\",\"publisher\":{\"@id\":\"https:\/\/www.kallysta.com\/store\/#organization\"},\"potentialAction\":[{\"@type\":\"SearchAction\",\"target\":\"https:\/\/www.kallysta.com\/store\/?s={search_term_string}\",\"query-input\":\"required name=search_term_string\"}],\"inLanguage\":\"fr-FR\"},{\"@type\":\"ImageObject\",\"@id\":\"https:\/\/www.kallysta.com\/store\/produit\/repaper-stylus\/#primaryimage\",\"inLanguage\":\"fr-FR\",\"url\":\"https:\/\/www.kallysta.com\/store\/wp-content\/uploads\/2020\/09\/stylus1.jpg\",\"width\":1500,\"height\":1500},{\"@type\":\"WebPage\",\"@id\":\"https:\/\/www.kallysta.com\/store\/produit\/repaper-stylus\/#webpage\",\"url\":\"https:\/\/www.kallysta.com\/store\/produit\/repaper-stylus\/\",\"name\":\"Repaper Stylus - Kallysta Store\",\"isPartOf\":{\"@id\":\"https:\/\/www.kallysta.com\/store\/#website\"},\"primaryImageOfPage\":{\"@id\":\"https:\/\/www.kallysta.com\/store\/produit\/repaper-stylus\/#primaryimage\"},\"datePublished\":\"2020-09-09T11:30:08+00:00\",\"dateModified\":\"2020-09-09T12:18:49+00:00\",\"breadcrumb\":{\"@id\":\"https:\/\/www.kallysta.com\/store\/produit\/repaper-stylus\/#breadcrumb\"},\"inLanguage\":\"fr-FR\",\"potentialAction\":[{\"@type\":\"ReadAction\",\"target\":[\"https:\/\/www.kallysta.com\/store\/produit\/repaper-stylus\/\"]}]},{\"@type\":\"BreadcrumbList\",\"@id\":\"https:\/\/www.kallysta.com\/store\/produit\/repaper-stylus\/#breadcrumb\",\"itemListElement\":[{\"@type\":\"ListItem\",\"position\":1,\"item\":{\"@type\":\"WebPage\",\"@id\":\"https:\/\/www.kallysta.com\/store\/\",\"url\":\"https:\/\/www.kallysta.com\/store\/\",\"name\":\"Accueil\"}},{\"@type\":\"ListItem\",\"position\":2,\"item\":{\"@type\":\"WebPage\",\"@id\":\"https:\/\/www.kallysta.com\/store\/store\/\",\"url\":\"https:\/\/www.kallysta.com\/store\/store\/\",\"name\":\"Store\"}},{\"@type\":\"ListItem\",\"position\":3,\"item\":{\"@type\":\"WebPage\",\"@id\":\"https:\/\/www.kallysta.com\/store\/produit\/repaper-stylus\/\",\"url\":\"https:\/\/www.kallysta.com\/store\/produit\/repaper-stylus\/\",\"name\":\"Repaper Stylus\"}}]}]}<\/script>\n<!-- \/ Yoast SEO plugin. -->","_links":{"self":[{"href":"https:\/\/www.kallysta.com\/store\/wp-json\/wp\/v2\/product\/1015"}],"collection":[{"href":"https:\/\/www.kallysta.com\/store\/wp-json\/wp\/v2\/product"}],"about":[{"href":"https:\/\/www.kallysta.com\/store\/wp-json\/wp\/v2\/types\/product"}],"wp:featuredmedia":[{"embeddable":true,"href":"https:\/\/www.kallysta.com\/store\/wp-json\/wp\/v2\/media\/1016"}],"wp:attachment":[{"href":"https:\/\/www.kallysta.com\/store\/wp-json\/wp\/v2\/media?parent=1015"}],"curies":[{"name":"wp","href":"https:\/\/api.w.org\/{rel}","templated":true}]}}